the thousands digit of 88366967?
6
What is the thousands digit of 205474703?
4
What is the thousands digit of 2989216787?
6
What is the thousands digit of 35729334?
9
What is the hundred thousands digit of 254255864?
2
What is the units digit of 333178046?
6
What is the hundred millions digit of 695739125?
6
What is the ten millions digit of 3294361749?
9
What is the hundred millions digit of 3533229543?
5
What is the hundred thousands digit of 56802470?
8
What is the thousands digit of 28599759?
9
What is the hundreds digit of 3157811103?
1
What is the thousands digit of 95293202?
3
What is the millions digit of 358624147?
8
What is the units digit of 111232540?
0
What is the hundred thousands digit of 470744143?
7
What is the hundred millions digit of 157912464?
1
What is the thousands digit of 950706422?
6
What is the hundred thousands digit of 72989689?
9
What is the hundred thousands digit of 59077298?
0
What is the millions digit of 29733637?
9
What is the hundred millions digit of 393684030?
3
What is the thousands digit of 618203463?
3
What is the millions digit of 1774646850?
4
What is the units digit of 172629415?
5
What is the tens digit of 361277539?
3
What is the thousands digit of 3921416062?
6
What is the ten millions digit of 458928664?
5
What is the ten thousands digit of 15585187?
8
What is the tens digit of 135176773?
7
What is the millions digit of 7232218081?
2
What is the hundreds digit of 406606793?
7
What is the units digit of 31964272?
2
What is the hundreds digit of 162751233?
2
What is the hundreds digit of 1020179433?
4
What is the hundred millions digit of 699016062?
6
What is the millions digit of 192460658?
2
What is the thousands digit of 950912205?
2
What is the hundred thousands digit of 59934776?
9
What is the units digit of 27894607?
7
What is the units digit of 1096424664?
4
What is the tens digit of 398575051?
5
What is the units digit of 3123304735?
5
What is the tens digit of 170604636?
3
What is the ten thousands digit of 370089209?
8
What is the ten thousands digit of 79099631?
9
What is the tens digit of 124083139?
3
What is the hundred millions digit of 1356016490?
3
What is the ten millions digit of 35110767?
3
What is the hundred thousands digit of 5344980539?
9
What is the millions digit of 84167699?
4
What is the millions digit of 605657227?
5
What is the thousands digit of 4141758967?
8
What is the billions digit of 4264212565?
4
What is the hundred thousands digit of 173521623?
5
What is the ten thousands digit of 178939733?
3
What is the units digit of 250639699?
9
What is the thousands digit of 104488867?
8
What is the units digit of 43442290?
0
What is the hundreds digit of 133094713?
7
What is the millions digit of 119527234?
9
What is the hundred thousands digit of 606114431?
1
What is the hundreds digit of 96106771?
7
What is the hundreds digit of 9116128?
1
What is the units digit of 23091446?
6
What is the millions digit of 31798017?
1
What is the thousands digit of 196043580?
3
What is the millions digit of 111531296?
1
What is the hundred millions digit of 344372125?
3
What is the units digit of 45952140?
0
What is the billions digit of 4335919295?
4
What is the ten thousands digit of 226522437?
2
What is the hundred thousands digit of 89011204?
0
What is the millions digit of 879384064?
9
What is the hundreds digit of 234633980?
9
What is the units digit of 323341273?
3
What is the hundred thousands digit of 35388262?
3
What is the hundred thousands digit of 2510505?
5
What is the units digit of 114722689?
9
What is the hundred thousands digit of 3301665003?
6
What is the hundred thousands digit of 65100235?
1
What is the units digit of 95409643?
3
What is the hundreds digit of 2500334618?
6
What is the tens digit of 5979499987?
8
What is the thousands digit of 2944646278?
6
What is the hundred thousands digit of 392069826?
0
What is the hundred thousands digit of 4354295?
3
What is the tens digit of 573645852?
5
What is the ten millions digit of 49874198?
4
What is the billions digit of 1163597533?
1
What is the thousands digit of 50062178?
2
What is the hundred millions digit of 122332688?
1
What is the units digit of 523957214?
4
What is the ten thousands digit of 626800173?
0
What is the ten millions digit of 185902434?
8
What is the billions digit of 2030540690?
2
What is the hundreds digit of 941695189?
1
What is the thousands digit of 11029495?
9
What is the hundred thousands digit of 33349339?
3
What is the ten thousands digit of 368615833?
1
What is the tens digit of 84158263?
6
What is the units digit of 571309025?
5
What is the units digit of 426332013?
3
What is the thousands digit of 918093794?
3
What is the hundred thousands digit of 68527933?
5
What is the hundreds digit of 179079158?
1
What is the hundreds digit of 122336067?
0
What is the millions digit of 5309046?
5
What is the thousands digit of 51673726?
3
What is the tens digit of 197401467?
6
What is the tens digit of 72913351?
5
What is the millions digit of 61158218?
1
What is the hundred thousands digit of 3773958?
7
What is the ten millions digit of 215682073?
1
What is the units digit of 2971666?
6
What is the ten millions digit of 1479863000?
7
What is the hundred thousands digit of 2696432784?
4
What is the ten thousands digit of 32489004?
8
What is the ten millions digit of 316690158?
1
What is the thousands digit of 1729656747?
6
What is the millions digit of 3351608296?
1
What is the ten thousands digit of 170176104?
7
What is the thousands digit of 428785833?
5
What is the units digit of 1059853478?
8
What is the hundreds digit of 1801822830?
8
What is the ten thousands digit of 68473191?
7
What is the hundreds digit of 1613915055?
0
What is the ten thousands digit of 41640900?
4
What is the ten millions digit of 42970209?
4
What is the tens digit of 1018527194?
9
What is the ten millions digit of 4004882850?
0
What is the hundred thousands digit of 64021583?
0
What is the hundred thousands digit of 5014431505?
4
What is the thousands digit of 1512567352?
7
What is the hundred thousands digit of 11146103?
1
What is the tens digit of 12444645?
4
What is the ten thousands digit of 3115149978?
4
What is the units digit of 222041332?
2
What is the millions digit of 1309467968?
9
What is the thousands digit of 11655594?
5
What is the billions digit of 3328217982?
3
What is the thousands digit of 50461013?
1
What is the ten thousands digit of 35378427?
7
What is the millions digit of 15139104?
5
What is the units digit of 2407557005?
5
What is the ten thousands digit of 263465919?
6
What is the ten thousands digit of 56508996?
0
What is the hundred thousands digit of 1312742373?
7
What is the hundreds digit of 1434471530?
5
What is the ten millions digit of 2764098099?
6
What is the ten millions digit of 1667640669?
6
What is the units digit of 251787113?
3
What is the hundreds digit of 52966715?
7
What is the ten thousands digit of 1034404683?
0
What is the hundred millions digit of 165530111?
1
What is the millions digit of 81748972?
1
What is the ten thousands digit of 112792522?
9
What is the tens digit of 1607481777?
7
What is the ten thousands digit of 489979517?
7
What is the millions digit of 300498691?
0
What is the units digit of 47575563?
3
What is the thousands digit of 13843554?
3
What is the ten millions digit of 40771094?
4
What is the ten thousands digit of 118594680?
9
What is the ten thousands digit of 172119961?
1
What is the hundred thousands digit of 199677608?
6
What is the ten millions digit of 128187294?
2
What is the thousands digit of 7444040?
4
What is the hundred thousands digit of 1773233656?
2
What is the tens digit of 42788324?
2
What is the hundred thousands digit of 2238001656?
0
What is the thousands digit of 26611756?
1
What is the units digit of 3356126509?
9
What is the hundred thousands digit of 125222517?
2
What is the hundreds digit of 2001394529?
5
What is the hundred thousands digit of 1299828064?
8
What is the hundred thousands digit of 466940073?
9
What is the billions digit of 2050905866?
2
What is the ten thousands digit of 568403899?
0
What is the hundred thousands digit of 45927792?
9
What is the hundreds digit of 116869508?
5
What is the tens digit of 14